 u and 21473?
109
Let a = -22628 + 33835. Calculate the greatest common factor of a and 14.
7
Let g(q) = -11*q - 6. Let p(y) = y**3 + 10*y**2 + 3*y + 10. Let t be p(-4). Let s = t + -96. Let r be g(s). Calculate the highest common divisor of 128 and r.
16
Let v(f) = f**2 + f + 492. Let z be v(0). Let x = -409717 + 409729. What is the greatest common factor of z and x?
12
Let v(z) = z**3 + 9*z**2 - 13*z - 10. Let a be -2 + 1 + -8 + -1. Let l be v(a). Let b be 7*-1 + 52 + -37. Calculate the greatest common divisor of l and b.
4
Let c = -868 + 1232. Calculate the greatest common factor of 112 and c.
28
Let b = 112 - 59. Let i(x) = -x**2 - 105*x - 1992. Let k be i(-76). What is the highest common factor of b and k?
53
Let t(p) = 2*p**3 - 27*p**2 - 6*p - 26. Let z be t(15). Suppose 1286 + z = 41*v. Calculate the highest common factor of v and 30.
15
Let g(k) be the second derivative of k + 15/2*k**2 + 4/3*k**3 + 0. Let q be g(6). What is the greatest common factor of q and 21?
21
Let u(o) be the first derivative of -2*o**3 - 15*o + o**2 + 10 + 1/4*o**4. Let i be u(7). Calculate the highest common factor of i and 16.
16
Let w(y) = -y**3 - 13*y**2 - 24*y - 256. Let j be w(-13). What is the highest common divisor of j and 664?
8
Let d(c) = -22*c + 152. Let v be d(7). Let g = v - -89. Calculate the highest common factor of g and 29.
29
Suppose -q - 5*z + 2 = 0, -5*q + 3*z + 10 = z. Let m be (((-75)/q)/5)/((-4)/24). Suppose -w - 90 = -6*w. What is the greatest common divisor of w and m?
9
Suppose 0 = -2*y + 2*p - p + 148, 0 = 4*p - 8. Suppose 3*t = y + 21. Calculate the greatest common divisor of 96 and t.
32
Let o = -372 + 452. Suppose 38*q + 2*q - o = 0. What is the highest common factor of q and 3?
1
Let q be (-4)/(8/(-44) - 1184/(-6754)). Let c = -317 + q. Suppose 0 = 4*x - 99 - 33. What is the greatest common factor of c and x?
33
Let g = -3651 + 3678. Calculate the greatest common factor of g and 2349.
27
Suppose -184 = -7*x + 3*x. Let k(f) = -2*f - 14. Let u be k(-9). Suppose 422 + 38 = u*l. Calculate the highest common divisor of l and x.
23
Let n = -124 + 305. Suppose 4*j - n = -3*m - 29, 5*m = j + 284. What is the greatest common factor of 84 and m?
28
Let z be 2184/1 - 8*65/(-104). What is the highest common divisor of z and 209?
11
Let u be (-10 - 2) + -12 + 2897. What is the greatest common factor of 544 and u?
17
Let m(q) = q**3 - 8*q**2 - 6*q - 23. Let z be m(9). Suppose 240 = 4*r + z*r. Calculate the greatest common divisor of r and 42.
6
Let t(r) = 3*r**2 - 2*r - 1. Let x be (-2 - (1 - 0)) + -1. Let l be t(x). Let s = 35 - 24. What is the greatest common divisor of s and l?
11
Let n(f) = 26*f + 8. Let u be n(4). Let j(b) = 22*b**2 - 40*b + 118. Let z be j(3). Calculate the highest common factor of u and z.
28
Let j = -1076 + 1161. Let f = -11 + 11. Suppose 0 = 3*q - 15, -3*c - c + 5*q + 43 = f. Calculate the highest common divisor of c and j.
17
Suppose 5*c + 32409 = 22*c - 2067. Calculate the highest common divisor of c and 780.
156
Let q(x) = -59*x**3 + 4*x**2 + 9*x + 3. Let j be q(-4). What is the greatest common divisor of 162 and j?
81
Suppose -2*i + 6*a + 8 = -7*i, 4 = -4*i - 4*a. Suppose 153 = g + y + 4*y, -i*y = 5*g - 650. What is the highest common divisor of g and 8?
8
Suppose -2*r - 23077 = -23945. What is the highest common factor of r and 5425?
217
Suppose 27 = 4*d - 9. Suppose -4*m + q + 48 = 0, 5*m + 0*q - 60 = 4*q. Suppose -a = -m + d. Calculate the highest common factor of 33 and a.
3
Let g = -3384 - -3436. Calculate the highest common divisor of 2756 and g.
52
Suppose -5*q + m + 265 = 0, 2*q + 131 = -5*m + 264. Calculate the greatest common divisor of 246 and q.
6
Let s(p) = p**3 + 8*p**2 - 11*p + 5. Let z be s(-9). Suppose -z*c - 8 = -25*c. Let q = 24 - 20. Calculate the highest common divisor of c and q.
4
Let c be -7*(-120)/(-84)*-1. What is the highest common divisor of 38 and c?
2
Let u(t) = -t**2 + 8*t - 12. Let a be u(5). Let o be -28*a/(-2)*(-260)/(-12). Suppose 2*m - o = -3*m. What is the greatest common divisor of m and 26?
26
Let z be (-250)/((44/(-8))/11). Suppose j = -4*j + z. Suppose x - 4 = 2*o - 47, 5*x + j = 5*o. What is the highest common factor of o and 46?
23
Let b be 55 - 7*(-34)/14. Calculate the greatest common factor of b and 1377.
9
Let b = -2 + 4. Suppose 236*t - 29 = l + 231*t, -4*t + 28 = 0. Suppose -l*h + b*h = -344. Calculate the highest common factor of 43 and h.
43
Suppose -5*k - 3*k = 1473 - 21873. What is the highest common factor of k and 17?
17
Suppose -189 = -636*o + 629*o. Suppose -35*v = -o*v - 80. Let w(r) = r**3 + 5*r**2 - 6*r + 2. Let u be w(-6). What is the greatest common divisor of v and u?
2
Let h = -47 - -44. Let v be 0 + h/(-6) - 57/(-6). Let l = -2 + v. What is the greatest common factor of l and 8?
8
Suppose -r = 18*r - 2907. Let a = 159 - r. What is the greatest common divisor of 2 and a?
2
Suppose 5*i - 148 = -l, 12*i + 2*l = 17*i - 154. Let h = -39 - -69. What is the highest common factor of i and h?
30
Let h = -14 - -10. Let r be 2/h + -1 + (-9)/(-6). Suppose -3*l + 5*t = -r*t - 78, 3*l - 4*t - 78 = 0. Calculate the greatest common factor of l and 208.
26
Let a(w) = -37*w + 364. Let x = 460 + -460. Let g be a(x). What is the highest common divisor of g and 156?
52
Let c = 11 + 9. Let l = -84368 + 84468. What is the greatest common factor of c and l?
20
Suppose 35045 = 5*s + 5*f, -4*f + 3*f = -s + 6991. Calculate the greatest common factor of s and 70.
70
Let a = 3347 + -1386. Calculate the highest common divisor of a and 148.
37
Let l = 144 + -97. Suppose 5835 + 7650 = -15*k. Let r = -382 - k. Calculate the highest common factor of r and l.
47
Let d(t) = -6*t - 7 - 1 + t - 7. Let x be d(-7). Let l = x + 15. Calculate the highest common factor of 245 and l.
35
Let z be -2 - -3 - -1 - 12/(-4). Suppose -s + 4*f = -93 + 18, 4*s - 405 = -z*f. Let x = s - 63. Calculate the greatest common divisor of 256 and x.
32
Suppose 440 = -24*q + 34*q. What is the highest common factor of q and 3564?
44
Suppose 662 = 4*p + 5*k, k = -2*p + 124 + 210. Let w = -1150 - -1155. Suppose -w*f + 79 = 4*b, -6*f - 1 = -5*f. Calculate the highest common divisor of p and b.
21
Suppose 59*b + 72*b - 39*b - 301484 = 0. What is the greatest common factor of 29 and b?
29
Let z = 2971 - -2282. Calculate the highest common divisor of 206 and z.
103
Suppose -4*c - 4*n + 3160 = 0, 0 = -7*c + 8*c + 2*n - 789. What is the highest common divisor of c and 21?
7
Let a(f) = -f**3 - 55*f**2 + 14*f + 1044. Let x be a(-55). Calculate the greatest common divisor of x and 3699.
137
Let z be -4 - (3 - (5/(-1) + 9))*122. Calculate the highest common factor of 2891 and z.
59
Let p = -537 + 153. Let g = p + 480. Calculate the highest common divisor of 8 and g.
8
Suppose -20*d = 35*d - 16500. What is the greatest common divisor of d and 1400?
100
Suppose 0 = -v - 0*v - 3*d + 259, -v - 4*d = -260. Let n be -7 + 12/((-96)/(-184)). Calculate the greatest common factor of v and n.
16
Let n(o) = o**3 - 3*o**2. Let a be n(2). Let q be (a/(-6))/((8/27)/(-4)). Let x be 3/((-1)/546*q). What is the highest common divisor of 26 and x?
26
Let f = 63882 - 63829. Suppose 0 = 2*g - g - 53. What is the highest common divisor of g and f?
53
Let g(a) = 10*a - 1909*a**2 + 1 + 2 - 1916*a**2 + 3824*a**2. Let p be 2*6*3/6. Let z be g(p). Calculate the highest common factor of z and 81.
27
Suppose 7*b = 23*b - 80. Let l be (-1 + b)*(3 - 10/(-1)). Calculate the greatest common factor of l and 156.
52
Suppose 147*n = 145*n + 112. What is the greatest common factor of 553 and n?
7
Let k = 5111 + -5093. Calculate the greatest common factor of 234 and k.
18
Suppose 51*q - 172*q + 5032 = -8278. What is the greatest common factor of q and 62810?
110
Suppose 287*j - 3100 = 187*j. Calculate the greatest common factor of j and 73.
1
Suppose -4*p - 4 = -l + 3, 4*p - 85 = -3*l. Let o = -23 + l. Suppose -7*k + 23 + 47 = o. Calculate the highest common divisor of 110 and k.
10
Let w(s) = 6*s**2 + 119*s - 20. Let r be w(-13). Let a = r + 571. Let d(b) = b**2 - 3. Let y be d(3). Calculate the highest common divisor of y and a.
6
Suppose 39*q = 44532 + 72702. Calculate the greatest common divisor of q and 9.
9
Let z = 116 - 66. Suppose 5*t - 48 = -4*o, 0